{"id":5299,"date":"2024-05-08T18:08:46","date_gmt":"2024-05-08T18:08:46","guid":{"rendered":"https:\/\/visitrydal.com\/events\/rydalsdagen-4\/"},"modified":"2024-05-08T18:08:46","modified_gmt":"2024-05-08T18:08:46","slug":"rydalsdagen-4","status":"publish","type":"events","link":"https:\/\/visitrydal.com\/en\/events\/rydalsdagen-4\/","title":{"rendered":"RYDALSDAY"},"content":{"rendered":"<p>T\u00e5stugan at 11-15.00 Slide show inside and fish pond outside.<br \/>\nTipspromenad l\u00e4ngs historiska promenaden med start vid b\u00e5thuset0, f\u00f6rbi &#8220;Lakhuset&#8221; som \u00e4r \u00f6ppet under dagen och vidare runt.<\/p>","protected":false},"featured_media":5298,"template":"","class_list":["post-5299","events","type-events","status-publish","has-post-thumbnail","hentry","blog-post"],"yoast_head":"<!-- This site is optimized with the Yoast SEO plugin v27.5 - https:\/\/yoast.com\/product\/yoast-seo-wordpress\/ -->\n<title>RYDALSDAGEN - Visit Rydal<\/title>\n<meta name=\"robots\" content=\"index, follow, max-snippet:-1, max-image-preview:large, max-video-preview:-1\" \/>\n<link rel=\"canonical\" href=\"https:\/\/visitrydal.com\/en\/events\/rydalsdagen-4\/\" \/>\n<meta property=\"og:locale\" content=\"en_GB\" \/>\n<meta property=\"og:type\" content=\"article\" \/>\n<meta property=\"og:title\" content=\"RYDALSDAGEN - Visit Rydal\" \/>\n<meta property=\"og:description\" content=\"T\u00e5astugan kl. 11-15.00 Bildspel inne och fiskdamm ute. Tipspromenad l\u00e4ngs historiska promenaden med start vid b\u00e5thuset0, f\u00f6rbi &#8220;Lakhuset&#8221; som \u00e4r \u00f6ppet under dagen och vidare runt.\" \/>\n<meta property=\"og:url\" content=\"https:\/\/visitrydal.com\/en\/events\/rydalsdagen-4\/\" \/>\n<meta property=\"og:site_name\" content=\"Visit Rydal\" \/>\n<meta name=\"twitter:card\" content=\"summary_large_image\" \/>\n<script type=\"application\/ld+json\" class=\"yoast-schema-graph\">{\"@context\":\"https:\\\/\\\/schema.org\",\"@graph\":[{\"@type\":\"WebPage\",\"@id\":\"https:\\\/\\\/visitrydal.com\\\/events\\\/rydalsdagen-4\\\/\",\"url\":\"https:\\\/\\\/visitrydal.com\\\/events\\\/rydalsdagen-4\\\/\",\"name\":\"RYDALSDAGEN - Visit Rydal\",\"isPartOf\":{\"@id\":\"https:\\\/\\\/visitrydal.com\\\/#website\"},\"primaryImageOfPage\":{\"@id\":\"https:\\\/\\\/visitrydal.com\\\/events\\\/rydalsdagen-4\\\/#primaryimage\"},\"image\":{\"@id\":\"https:\\\/\\\/visitrydal.com\\\/events\\\/rydalsdagen-4\\\/#primaryimage\"},\"thumbnailUrl\":\"https:\\\/\\\/visitrydal.com\\\/wp-content\\\/uploads\\\/2024\\\/05\\\/Historiska-promenaden-2.jpg\",\"datePublished\":\"2024-05-08T18:08:46+00:00\",\"breadcrumb\":{\"@id\":\"https:\\\/\\\/visitrydal.com\\\/events\\\/rydalsdagen-4\\\/#breadcrumb\"},\"inLanguage\":\"en-GB\",\"potentialAction\":[{\"@type\":\"ReadAction\",\"target\":[\"https:\\\/\\\/visitrydal.com\\\/events\\\/rydalsdagen-4\\\/\"]}]},{\"@type\":\"ImageObject\",\"inLanguage\":\"en-GB\",\"@id\":\"https:\\\/\\\/visitrydal.com\\\/events\\\/rydalsdagen-4\\\/#primaryimage\",\"url\":\"https:\\\/\\\/visitrydal.com\\\/wp-content\\\/uploads\\\/2024\\\/05\\\/Historiska-promenaden-2.jpg\",\"contentUrl\":\"https:\\\/\\\/visitrydal.com\\\/wp-content\\\/uploads\\\/2024\\\/05\\\/Historiska-promenaden-2.jpg\",\"width\":592,\"height\":691},{\"@type\":\"BreadcrumbList\",\"@id\":\"https:\\\/\\\/visitrydal.com\\\/events\\\/rydalsdagen-4\\\/#breadcrumb\",\"itemListElement\":[{\"@type\":\"ListItem\",\"position\":1,\"name\":\"Home\",\"item\":\"https:\\\/\\\/visitrydal.com\\\/\"},{\"@type\":\"ListItem\",\"position\":2,\"name\":\"RYDALSDAGEN\"}]},{\"@type\":\"WebSite\",\"@id\":\"https:\\\/\\\/visitrydal.com\\\/#website\",\"url\":\"https:\\\/\\\/visitrydal.com\\\/\",\"name\":\"Visit Rydal\",\"description\":\"\",\"publisher\":{\"@id\":\"https:\\\/\\\/visitrydal.com\\\/#organization\"},\"potentialAction\":[{\"@type\":\"SearchAction\",\"target\":{\"@type\":\"EntryPoint\",\"urlTemplate\":\"https:\\\/\\\/visitrydal.com\\\/?s={search_term_string}\"},\"query-input\":{\"@type\":\"PropertyValueSpecification\",\"valueRequired\":true,\"valueName\":\"search_term_string\"}}],\"inLanguage\":\"en-GB\"},{\"@type\":\"Organization\",\"@id\":\"https:\\\/\\\/visitrydal.com\\\/#organization\",\"name\":\"Visit Rydal\",\"url\":\"https:\\\/\\\/visitrydal.com\\\/\",\"logo\":{\"@type\":\"ImageObject\",\"inLanguage\":\"en-GB\",\"@id\":\"https:\\\/\\\/visitrydal.com\\\/#\\\/schema\\\/logo\\\/image\\\/\",\"url\":\"https:\\\/\\\/visitrydal.com\\\/wp-content\\\/uploads\\\/2023\\\/06\\\/cropped-siteicon.png\",\"contentUrl\":\"https:\\\/\\\/visitrydal.com\\\/wp-content\\\/uploads\\\/2023\\\/06\\\/cropped-siteicon.png\",\"width\":512,\"height\":512,\"caption\":\"Visit Rydal\"},\"image\":{\"@id\":\"https:\\\/\\\/visitrydal.com\\\/#\\\/schema\\\/logo\\\/image\\\/\"}}]}<\/script>\n<!-- \/ Yoast SEO plugin. -->","yoast_head_json":{"title":"RYDALSDAGEN - Visit Rydal","robots":{"index":"index","follow":"follow","max-snippet":"max-snippet:-1","max-image-preview":"max-image-preview:large","max-video-preview":"max-video-preview:-1"},"canonical":"https:\/\/visitrydal.com\/en\/events\/rydalsdagen-4\/","og_locale":"en_GB","og_type":"article","og_title":"RYDALSDAGEN - Visit Rydal","og_description":"T\u00e5astugan kl. 11-15.00 Bildspel inne och fiskdamm ute. Tipspromenad l\u00e4ngs historiska promenaden med start vid b\u00e5thuset0, f\u00f6rbi &#8220;Lakhuset&#8221; som \u00e4r \u00f6ppet under dagen och vidare runt.","og_url":"https:\/\/visitrydal.com\/en\/events\/rydalsdagen-4\/","og_site_name":"Visit Rydal","twitter_card":"summary_large_image","schema":{"@context":"https:\/\/schema.org","@graph":[{"@type":"WebPage","@id":"https:\/\/visitrydal.com\/events\/rydalsdagen-4\/","url":"https:\/\/visitrydal.com\/events\/rydalsdagen-4\/","name":"RYDALSDAGEN - Visit Rydal","isPartOf":{"@id":"https:\/\/visitrydal.com\/#website"},"primaryImageOfPage":{"@id":"https:\/\/visitrydal.com\/events\/rydalsdagen-4\/#primaryimage"},"image":{"@id":"https:\/\/visitrydal.com\/events\/rydalsdagen-4\/#primaryimage"},"thumbnailUrl":"https:\/\/visitrydal.com\/wp-content\/uploads\/2024\/05\/Historiska-promenaden-2.jpg","datePublished":"2024-05-08T18:08:46+00:00","breadcrumb":{"@id":"https:\/\/visitrydal.com\/events\/rydalsdagen-4\/#breadcrumb"},"inLanguage":"en-GB","potentialAction":[{"@type":"ReadAction","target":["https:\/\/visitrydal.com\/events\/rydalsdagen-4\/"]}]},{"@type":"ImageObject","inLanguage":"en-GB","@id":"https:\/\/visitrydal.com\/events\/rydalsdagen-4\/#primaryimage","url":"https:\/\/visitrydal.com\/wp-content\/uploads\/2024\/05\/Historiska-promenaden-2.jpg","contentUrl":"https:\/\/visitrydal.com\/wp-content\/uploads\/2024\/05\/Historiska-promenaden-2.jpg","width":592,"height":691},{"@type":"BreadcrumbList","@id":"https:\/\/visitrydal.com\/events\/rydalsdagen-4\/#breadcrumb","itemListElement":[{"@type":"ListItem","position":1,"name":"Home","item":"https:\/\/visitrydal.com\/"},{"@type":"ListItem","position":2,"name":"RYDALSDAGEN"}]},{"@type":"WebSite","@id":"https:\/\/visitrydal.com\/#website","url":"https:\/\/visitrydal.com\/","name":"Visit Rydal","description":"","publisher":{"@id":"https:\/\/visitrydal.com\/#organization"},"potentialAction":[{"@type":"SearchAction","target":{"@type":"EntryPoint","urlTemplate":"https:\/\/visitrydal.com\/?s={search_term_string}"},"query-input":{"@type":"PropertyValueSpecification","valueRequired":true,"valueName":"search_term_string"}}],"inLanguage":"en-GB"},{"@type":"Organization","@id":"https:\/\/visitrydal.com\/#organization","name":"Visit Rydal","url":"https:\/\/visitrydal.com\/","logo":{"@type":"ImageObject","inLanguage":"en-GB","@id":"https:\/\/visitrydal.com\/#\/schema\/logo\/image\/","url":"https:\/\/visitrydal.com\/wp-content\/uploads\/2023\/06\/cropped-siteicon.png","contentUrl":"https:\/\/visitrydal.com\/wp-content\/uploads\/2023\/06\/cropped-siteicon.png","width":512,"height":512,"caption":"Visit Rydal"},"image":{"@id":"https:\/\/visitrydal.com\/#\/schema\/logo\/image\/"}}]}},"_links":{"self":[{"href":"https:\/\/visitrydal.com\/en\/wp-json\/wp\/v2\/events\/5299","targetHints":{"allow":["GET"]}}],"collection":[{"href":"https:\/\/visitrydal.com\/en\/wp-json\/wp\/v2\/events"}],"about":[{"href":"https:\/\/visitrydal.com\/en\/wp-json\/wp\/v2\/types\/events"}],"wp:featuredmedia":[{"embeddable":true,"href":"https:\/\/visitrydal.com\/en\/wp-json\/wp\/v2\/media\/5298"}],"wp:attachment":[{"href":"https:\/\/visitrydal.com\/en\/wp-json\/wp\/v2\/media?parent=5299"}],"curies":[{"name":"wp","href":"https:\/\/api.w.org\/{rel}","templated":true}]}}

<p>Tåstugan at 11-15.00 Slide show inside and fish pond outside.<br />
Tipspromenad längs historiska promenaden med start vid båthuset0, förbi &#8220;Lakhuset&#8221; som är öppet under dagen och vidare runt.</p>

<!-- This site is optimized with the Yoast SEO plugin v27.5 - https://yoast.com/product/yoast-seo-wordpress/ -->
<title>RYDALSDAGEN - Visit Rydal</title>
<meta name="robots" content="index, follow, max-snippet:-1, max-image-preview:large, max-video-preview:-1" />
<link rel="canonical" href="https://visitrydal.com/en/events/rydalsdagen-4/" />
<meta property="og:locale" content="en_GB" />
<meta property="og:type" content="article" />
<meta property="og:title" content="RYDALSDAGEN - Visit Rydal" />
<meta property="og:description" content="Tåastugan kl. 11-15.00 Bildspel inne och fiskdamm ute. Tipspromenad längs historiska promenaden med start vid båthuset0, förbi &#8220;Lakhuset&#8221; som är öppet under dagen och vidare runt." />
<meta property="og:url" content="https://visitrydal.com/en/events/rydalsdagen-4/" />
<meta property="og:site_name" content="Visit Rydal" />
<meta name="twitter:card" content="summary_large_image" />
<script type="application/ld+json" class="yoast-schema-graph">{"@context":"https:\/\/schema.org","@graph":[{"@type":"WebPage","@id":"https:\/\/visitrydal.com\/events\/rydalsdagen-4\/","url":"https:\/\/visitrydal.com\/events\/rydalsdagen-4\/","name":"RYDALSDAGEN - Visit Rydal","isPartOf":{"@id":"https:\/\/visitrydal.com\/#website"},"primaryImageOfPage":{"@id":"https:\/\/visitrydal.com\/events\/rydalsdagen-4\/#primaryimage"},"image":{"@id":"https:\/\/visitrydal.com\/events\/rydalsdagen-4\/#primaryimage"},"thumbnailUrl":"https:\/\/visitrydal.com\/wp-content\/uploads\/2024\/05\/Historiska-promenaden-2.jpg","datePublished":"2024-05-08T18:08:46+00:00","breadcrumb":{"@id":"https:\/\/visitrydal.com\/events\/rydalsdagen-4\/#breadcrumb"},"inLanguage":"en-GB","potentialAction":[{"@type":"ReadAction","target":["https:\/\/visitrydal.com\/events\/rydalsdagen-4\/"]}]},{"@type":"ImageObject","inLanguage":"en-GB","@id":"https:\/\/visitrydal.com\/events\/rydalsdagen-4\/#primaryimage","url":"https:\/\/visitrydal.com\/wp-content\/uploads\/2024\/05\/Historiska-promenaden-2.jpg","contentUrl":"https:\/\/visitrydal.com\/wp-content\/uploads\/2024\/05\/Historiska-promenaden-2.jpg","width":592,"height":691},{"@type":"BreadcrumbList","@id":"https:\/\/visitrydal.com\/events\/rydalsdagen-4\/#breadcrumb","itemListElement":[{"@type":"ListItem","position":1,"name":"Home","item":"https:\/\/visitrydal.com\/"},{"@type":"ListItem","position":2,"name":"RYDALSDAGEN"}]},{"@type":"WebSite","@id":"https:\/\/visitrydal.com\/#website","url":"https:\/\/visitrydal.com\/","name":"Visit Rydal","description":"","publisher":{"@id":"https:\/\/visitrydal.com\/#organization"},"potentialAction":[{"@type":"SearchAction","target":{"@type":"EntryPoint","urlTemplate":"https:\/\/visitrydal.com\/?s={search_term_string}"},"query-input":{"@type":"PropertyValueSpecification","valueRequired":true,"valueName":"search_term_string"}}],"inLanguage":"en-GB"},{"@type":"Organization","@id":"https:\/\/visitrydal.com\/#organization","name":"Visit Rydal","url":"https:\/\/visitrydal.com\/","logo":{"@type":"ImageObject","inLanguage":"en-GB","@id":"https:\/\/visitrydal.com\/#\/schema\/logo\/image\/","url":"https:\/\/visitrydal.com\/wp-content\/uploads\/2023\/06\/cropped-siteicon.png","contentUrl":"https:\/\/visitrydal.com\/wp-content\/uploads\/2023\/06\/cropped-siteicon.png","width":512,"height":512,"caption":"Visit Rydal"},"image":{"@id":"https:\/\/visitrydal.com\/#\/schema\/logo\/image\/"}}]}</script>
<!-- / Yoast SEO plugin. -->

Tåastugan kl. 11-15.00 Bildspel inne och fiskdamm ute. Tipspromenad längs historiska promenaden med start vid båthuset0, förbi &#8220;Lakhuset&#8221; som är öppet under dagen och vidare runt.
